se -15*d = 154 - 4. List the prime factors of j(d).
2, 3, 83
Suppose -2*g + 34 = -3*w, -g - w + 26 = g. Let x(v) = -31*v + 6. Let u(s) = 27*s - 8. Let q(p) = 7*u(p) + 6*x(p). What are the prime factors of q(g)?
2, 11
Let s = -1309 + 806. Let q = s - -935. What are the prime factors of q?
2, 3
Suppose 10*m - 34 = -2*o + 6*m, -3*m = 3*o - 42. Let n = -4 + o. Let i(f) = 3*f**2 + 3*f + 10. List the prime factors of i(n).
2, 89
Suppose -130*f = -808597 - 472553. What are the prime factors of f?
3, 5, 73
Let r be 8/2 - (72 + 0)/1. Let l = r - -73. List the prime factors of 462/l - (-6 - (-96)/15).
2, 23
Let o = 14027 + -7489. What are the prime factors of o?
2, 7, 467
Suppose 2854*w = 2805*w + 274841. List the prime factors of w.
71, 79
Let b = 118 - 118. Suppose b = -4*t - 12, 0 = -3*i - t + 925 + 1295. What are the prime factors of i?
3, 13, 19
Suppose 0 = -4*q + 5*w - 633, q - 321 = 3*q - w. Let o = q - -337. What are the prime factors of o?
5, 7
Let z(k) = 5*k**2 - 1. Let f be z(-10). Let a = f + -306. What are the prime factors of a?
193
Let q = 164 - 24. Let b = 98 - q. List the prime factors of (-1)/(4/(-441)) - b/56.
3, 37
List the prime factors of 12654/7 - ((-3)/36 - (-34)/(-168)).
2, 113
Let j be ((-2)/4)/(1*(-2)/(-2348)). Let k = 896 + j. Let q = 457 - k. List the prime factors of q.
2, 37
Suppose -24*z + 2*y + 83708 = -22*z, -5*z - y = -209276. List the prime factors of z.
5, 11, 761
Suppose -442*o - 63*o + 21796787 = 3961702. List the prime factors of o.
35317
Let m(l) = -70*l - 89. Let f(b) = b + 1. Let s(g) = 5*f(g) + m(g). What are the prime factors of s(-7)?
7, 53
Let q(f) = -f**3 + 39*f**2 + 55*f + 88. What are the prime factors of q(33)?
11, 13, 59
Let i(k) = -10*k**3 - 4*k**2 + 79*k + 42. List the prime factors of i(-14).
2, 7, 457
Let o(z) = -141*z - 18. Suppose -96*v - 50 = -86*v. What are the prime factors of o(v)?
3, 229
Suppose -5*i + 4*o = 2*o - 31, 8 = i - o. Suppose -5*l + 40 = -3*f, 2*f = i*l + f - 50. Suppose -3*x + l = u - 59, -u = -x - 62. List the prime factors of u.
2
Suppose 6*f - 4027 - 2579 = 0. Suppose -f = -11*y + 967. List the prime factors of y.
2, 47
Suppose -4*g + 6*i + 53154 = 7*i, 4*i = 3*g - 39856. List the prime factors of g.
2, 11, 151
Let n(r) = 7*r - 18. Let h be -2 + ((-9)/(-36) - (-57)/12). What are the prime factors of n(h)?
3
Suppose -5*t - 272*y + 273*y = -51001, 4*t - 2*y - 40802 = 0. What are the prime factors of t?
2, 3, 5, 17
Suppose -11*m + 31 + 13 = 0. Suppose -m*g - 4 = -3*g, 4*u - 28 = 4*g. Let a = u + 33. What are the prime factors of a?
2, 3
Suppose -5*w + 2295 = -3620. Suppose 0 = -4*k - j + w, -317 = -k - 42*j + 46*j. List the prime factors of k.
3, 11
Let m be ((-52)/16)/((-2)/8). Let n(q) = 3*q**2 + 7*q - 6. Let p be n(-6). Suppose -11*z - p = -m*z. List the prime factors of z.
2, 3, 5
Let a(c) = c**3 - 3*c**2 + c + 2. Let h be a(2). List the prime factors of -1*(-1*(-5 + h) + -420).
5, 83
Suppose 54760 = l + 5*u, 0 = 2*l - 4*u - 93236 - 16256. List the prime factors of l.
2, 3, 5, 73
Let i = 31 + -14. Suppose -18*b + i*b - 2 = 0. What are the prime factors of 2 - (-5 + 0 + b - 2)?
11
Suppose 4*s + 14*i = 13*i + 24132, 3*s = -2*i + 18104. List the prime factors of s.
2, 13, 29
Suppose -i + 180 = -b - 37495, -5*i + 188305 = 5*b. What are the prime factors of i?
2, 3, 43, 73
Let y(v) = 2*v + 27. Let k be y(-12). Suppose -3*p = -3*w - 0*p - 75, -k*w - 55 = 2*p. Let f = 5 - w. What are the prime factors of f?
2, 13
Let c be 4*-1*(-5 - -4)/4. Let o = 3 + c. List the prime factors of (2 - 14/o)/(3/(-64)).
2
Suppose 27540 = 3*q - 4*s, -3*s + 13*s + 27522 = 3*q. What are the prime factors of q?
2, 7, 41
Suppose 4*r = -3*b + 1576, -r - 4*b = -2*b - 389. Let h = -182 + r. What are the prime factors of h?
5, 43
What are the prime factors of ((-36)/120 - (-1727265)/50) + 4?
34549
What are the prime factors of (1/(-4))/(15/(-2973676 - -16) - 0)?
29, 1709
Let i be -2 + 9 - 0/(-14). Let y be (4 + (-24)/i)*(-21)/(-6). List the prime factors of 5*(19 - 0) - (y - 0).
3, 31
Let s(y) = -10*y + 3 + 0 - 26 + 105*y**2 + 5*y. List the prime factors of s(-3).
937
Let i(f) be the first derivative of 2*f**3/3 - f**2/2 - 11*f + 22. Let q be i(7). Let w = -57 + q. List the prime factors of w.
23
Let l = 19 + -11. Suppose -3*o = -l - 1. Suppose 2*a + 834 = 4*h + 4*a, -2*a = -o*h + 608. What are the prime factors of h?
2, 103
Let j(y) = -y**2 + 12*y - 4. Let v = 12 + -2. Let c be j(v). Suppose c = 4*i + 8. List the prime factors of i.
2
Let h(a) = 1316*a**3 + 3*a**2 - 2*a - 1. Let o be h(1). Suppose 35*b + o = 36*b. List the prime factors of b.
2, 7, 47
Suppose 5*g + 4*c = 19, -4*c - 5 = -g - 2*g. Let p be 71 + (g/(-1))/(-3). Let q = 145 - p. List the prime factors of q.
73
Let f be (2 - 0) + (-1 - -3). Suppose -50 = -2*l + 4*o, 16 = 6*o - 2*o. Suppose -2*q + 6 = 3*b + 2*q, f*b = 3*q + l. What are the prime factors of b?
2, 3
Let b(n) = 42*n**2 - 101*n - 1152. What are the prime factors of b(-18)?
2, 3, 13, 61
Let g be 7/(-28) + 2733/(-12). Suppose -68*n + 5082 = -57*n. Let m = n + g. List the prime factors of m.
2, 3, 13
Let d(n) = n**3 - 122*n**2 - 74*n + 162. List the prime factors of d(123).
3, 2063
Let t(w) = -4*w**2 + 15*w + 5*w**2 - 3337 + 3344. Let r be t(-14). Let q(n) = -3*n**2 - 29*n + 4. List the prime factors of q(r).
2, 3, 5
Let m = 299 - 804. Let f be ((-40)/50)/(2/m). Let d = 309 - f. What are the prime factors of d?
107
What are the prime factors of (-414670)/(-25) - (-330)/275?
2, 11, 13, 29
Let t(l) = -6*l + 29. Let y be t(5). Let h be y/(-6) + 203/6. Suppose h + 801 = 5*v. List the prime factors of v.
167
Let z be -1 + -2 - (-4 + (-2 - -3)). Let v = z + 5. Suppose -v*d + c = -108, 0*d - 2*c - 40 = -2*d. List the prime factors of d.
2, 11
Let g(m) be the first derivative of -m**2/2 + 6*m - 81. Let h = -11 + 3. List the prime factors of g(h).
2, 7
Suppose -684*c - 447348 = -706*c. List the prime factors of c.
2, 3, 3389
Let j(l) = -60*l + 72. Let b be j(9). Let k = 254 - b. What are the prime factors of k?
2, 19
Suppose 2*a - 5540 = -3*m + 23493, -5*m + a = -48384. What are the prime factors of m?
9677
Let x = 535 - 132. Suppose -5*n + x = 3*g, -3*g + 312 = 4*n + 2*g. Suppose 3*s - 2*s - 301 = -3*z, -4*s = -z + n. What are the prime factors of z?
3, 11
Let r = -1710 + 8852. What are the prime factors of r?
2, 3571
Suppose 87*s - 65660 - 364555 = 0. List the prime factors of s.
5, 23, 43
Let q(s) = 725*s**2 - 202*s + 11. What are the prime factors of q(8)?
5, 17, 31
Let q(a) = a**3 - 10*a**2 + 14*a + 11. Let p be q(8). Let n(s) = -s - 7. Let b be n(p). What are the prime factors of (b/(-2))/(7/119)?
17
Let o(y) = 12*y**2 + 124*y - 3831. List the prime factors of o(45).
3, 19, 457
Suppose 4*m + 1013 = u, -5*u + 3848 = -2*m - 1181. Let k = 1450 - u. What are the prime factors of k?
5, 89
Suppose -4*j + 1 = -23. Suppose 7*h - j*h = 149. Let o = -52 + h. What are the prime factors of o?
97
Suppose 9*n - 182 = -5*n. Let w(x) = x**3 - 14*x**2 + 20*x - 16. Let u be w(n). Suppose 0 = 5*d - 6*d + u. What are the prime factors of d?
3, 5
List the prime factors of -50 - -55 - (-31322)/(-3)*(-18)/12.
2, 3, 7, 373
List the prime factors of (30782/8 - (-2)/(-4)) + 6/(-24).
3847
Let i(l) = -79*l - 2. Let k(n) be the second derivative of n**5/20 + 5*n**4/12 - 2*n**3/3 + 11*n**2/2 - n. Let a be k(-6). List the prime factors of i(a).
7, 11
Let s be (-1303 + 2 + -1)/((-2)/3). Suppose 2*p = -5*p + s. What are the prime factors of p?
3, 31
Suppose 6 = -5*o - 39. Let t(j) = 10*j**2 + 52. List the prime factors of t(o).
2, 431
Let p = -23724 + 25064. List the prime factors of p.
2, 5, 67
Let b be 4 + (3 - 3) - 47. Let r = b - -48. Suppose 2*y - y = -2*l + 104, -r*y = 0. List the prime factors of l.
2, 13
Let d = -3145 - -4618. What are the prime factors of d?
3, 491
List the prime factors of 4213 + (54/18)/(-2 + -1).
2, 3, 13
Suppose 4*d + 5*n + 48 = 0, -d = -3*n + 44 - 32. What are the prime factors of (-41361)/85*(1 + 52/d)?
2, 811
What are the prime factors of ((4 - 0)*-1)/(594/(-272943))?
2, 919
Let j(x) = 2151*x + 14073. What are the prime factors of j(20)?
3, 19031
What are the prime factors of 22630/6 + (4/10)/((-240)/(-200))?
2, 23, 41
Let v(h) = h**3 - 3*h**2 - 3*h + 4. Let t be v(4). Let z be -9 - -5 -